
-4111
Let c(r) = -4*r**3 + 210*r**2 - 468*r - 1597. Calculate c(50).
3
Let v(g) = 257*g + 1805. Calculate v(-5).
520
Let j(o) = -o**2 + 2300*o + 375273. Give j(-153).
-36
Let x(f) = 3168*f**2 - 63378*f + 356. Calculate x(20).
-4
Let x(q) = 121*q + 1827. Calculate x(-26).
-1319
Let k(p) = -17*p**2 - 265*p - 4. Calculate k(-21).
-1936
Let f(r) = r**2 - 2*r + 199. What is f(23)?
682
Let p(b) = 12*b**3 - 856*b**2 + 274*b + 154. Calculate p(71).
-556
Let k(x) = -x**3 - 191*x**2 - 378*x + 248. Determine k(-189).
248
Let i(s) = -7*s**2 - 17711*s - 106019. Give i(-6).
-5
Let d(p) = 389*p + 25276. Calculate d(-65).
-9
Let x(h) = -h**2 - 97*h + 256162. Calculate x(460).
-58
Let v(z) = 2*z**2 + 3205*z - 12844. What is v(4)?
8
Let x(r) = -9*r**2 - 209*r - 72. What is x(-28)?
-1276
Let o(q) = 2*q**2 - 14063*q + 112371. Give o(8).
-5
Let t(p) = -32*p**3 + 12*p**2 + 13*p - 1. Calculate t(-1).
30
Let n(f) = f**2 + 648*f + 33480. What is n(-62)?
-2852
Let d(p) = -p**3 + 171*p**2 - 5887*p - 813. Give d(48).
3
Let x(q) = q**3 + 16*q**2 + 55*q + 75. What is x(-9)?
147
Let p(j) = 2*j**3 - 7*j**2 - 711*j + 6610. Calculate p(9).
1102
Let a(i) = 7*i**2 + 138*i - 1059. What is a(6)?
21
Let i(h) = 2*h**2 + 4496*h + 49219. Give i(-11).
5
Let n(w) = 15891*w + 78860. Determine n(-5).
-595
Let b(r) = -r**2 - 985*r - 57242. Calculate b(-62).
-16
Let j(l) = -1672*l + 220695. Determine j(132).
-9
Let r(t) = -6*t**3 + 163*t**2 - 8*t - 523. Determine r(27).
-10
Let l(j) = 51*j**2 + 2946*j + 2218. Give l(-57).
-5
Let m(x) = x**3 - 2260*x**2 - 9086*x - 128. Give m(-4).
-8
Let z(p) = 130*p**2 + 496*p + 995. What is z(-2)?
523
Let k(f) = -163*f**2 - 818*f - 10. Calculate k(-5).
5
Let m(z) = 446*z**2 + 3015*z + 3014. What is m(-1)?
445
Let l(u) = -2*u**3 - 40*u**2 - 681*u - 7283. Determine l(-14).
-101
Let l(c) = -8*c**3 - 98*c**2 + 201*c + 16. Determine l(-14).
-54
Let d(v) = 42070*v - 252220. What is d(6)?
200
Let i(z) = 4*z**3 - 25*z**2 + 157*z + 239. Calculate i(7).
1485
Let t(k) = k**3 - 320*k**2 - 527*k - 37660. Give t(322).
14
Let y(i) = -30*i**3 - 13*i**2 - 14*i - 28. Give y(-2).
188
Let j(s) = 2*s**2 + 41*s + 138. Calculate j(-9).
-69
Let k(a) = -a**2 + 369*a + 12386. What is k(-31)?
-14
Let m(h) = -5469*h - 295362. What is m(-54)?
-36
Let n(j) = 8004*j + 64029. Determine n(-8).
-3
Let o(j) = -j**2 - 3495*j + 123792. Calculate o(35).
242
Let o(a) = 48346*a + 483458. Calculate o(-10).
-2
Let f(y) = y**2 - 11171*y - 89423. Calculate f(-8).
9
Let a(u) = 19728*u + 78724. Calculate a(-4).
-188
Let v(w) = w**3 + 35*w**2 + 538*w + 2372. Determine v(-13).
-904
Let n(v) = -494198*v + 2470964. Calculate n(5).
-26
Let a(h) = -h**3 + 219*h**2 - 110*h + 24095. Give a(219).
5
Let p(q) = -q**3 + 225*q**2 - 36*q + 8131. Determine p(225).
31
Let z(f) = -f**2 + 70*f + 671. Calculate z(77).
132
Let h(g) = 421*g**2 - 23168*g + 602. Determine h(55).
-113
Let d(a) = 8854*a + 664111. Determine d(-75).
61
Let m(o) = -o**3 + 15*o**2 + 80*o - 668. Give m(5).
-18
Let w(z) = -39*z**2 + 136*z - 13. What is w(3)?
44
Let t(z) = 10940*z + 34371. Give t(-3).
1551
Let n(z) = -5*z**2 + 125*z + 96. What is n(34)?
-1434
Let c(o) = -5*o**2 + 178*o + 1060. What is c(-6)?
-188
Let v(w) = w**2 - 94*w + 2625. What is v(50)?
425
Let b(s) = -40549*s + 1378669. Determine b(34).
3
Let m(p) = p**3 - 35*p**2 - 1387*p + 48405. What is m(34)?
91
Let f(o) = 921*o + 65523. What is f(-71)?
132
Let b(o) = 378*o - 9. What is b(5)?
1881
Let c(a) = -a**3 + 140*a**2 - 4584*a + 730. Give c(88).
26
Let c(d) = -50*d + 3138. Give c(46).
838
Let y(z) = 27*z**3 - 5311*z**2 - 1581*z + 989. Give y(197).
4
Let m(j) = -2148*j**2 - 4856*j - 10. What is m(-2)?
1110
Let g(y) = -99*y + 2890. What is g(16)?
1306
Let k(z) = -18*z**3 - 39*z**2 - 1368*z - 2732. Calculate k(-2).
-8
Let k(l) = 33*l**2 - 207*l - 240. What is k(-1)?
0
Let z(m) = 470*m - 8894. Calculate z(21).
976
Let m(n) = 97*n**2 - 1561*n + 5373. What is m(5)?
-7
Let w(u) = 3*u**3 - 354*u**2 + 358*u - 815. What is w(117)?
4
Let p(x) = 2*x**2 - 741*x + 32055. Give p(50).
5
Let t(l) = 724*l**2 - 2402*l + 4. Determine t(3).
-686
Let z(y) = -y**3 - 185*y**2 + 573*y + 1547. What is z(-188)?
-145
Let j(a) = 2*a**2 + 182*a - 4236. Determine j(-111).
204
Let h(u) = 2*u**3 - 16*u**2 - 14*u + 133. Determine h(8).
21
Let u(w) = 4113*w - 222171. What is u(54)?
-69
Let g(b) = -2*b**2 - 3788*b + 11371. What is g(3)?
-11
Let u(j) = 5*j**3 - 34*j**2 - 179*j - 161. Determine u(-4).
-309
Let t(q) = q**3 + 40*q**2 + 794*q + 36877. Determine t(-42).
1
Let o(v) = 13198*v + 51870. Give o(-4).
-922
Let r(u) = -194*u**3 - 2904*u**2 + 111*u + 317. Calculate r(-15).
2
Let s(p) = -p**2 + 1933*p + 736447. Give s(-326).
13
Let u(f) = f**2 - 992*f + 62823. What is u(68)?
-9
Let d(i) = -i**3 - 39*i**2 + 55*i + 5785. What is d(-36)?
-83
Let r(y) = 33505*y + 133990. Calculate r(-4).
-30
Let u(z) = -z**2 - 123756*z - 247503. What is u(-2)?
5
Let b(x) = 54*x**2 + 1035*x + 315. What is b(-19)?
144
Let q(z) = -1125202*z + 6751356. Calculate q(6).
144
Let s(n) = -n**3 - 56*n**2 + 1356*n + 74042. Calculate s(-57).
-1
Let f(d) = 2*d**2 + 715*d + 12624. Calculate f(-18).
402
Let q(c) = -20*c**3 + 2460*c**2 + 3*c - 327. What is q(123)?
42
Let k(b) = 12207*b - 4833955. Give k(396).
17
Let a(i) = -147*i - 325. Determine a(-1).
-178
Let w(z) = -34981*z + 1259278. Calculate w(36).
-38
Let w(f) = -f**3 + 402*f**2 - 5802*f - 1249. What is w(387)?
-88
Let t(u) = 38*u - 142. Calculate t(19).
580
Let t(l) = 66*l**2 + 402*l - 5. Calculate t(-3).
-617
Let a(s) = -23*s**2 + 550*s + 3161. What is a(-5)?
-164
Let t(q) = 2*q**3 - 219*q**2 + 83*q + 2756. Determine t(109).
-78
Let l(w) = -3415*w - 47842. What is l(-14)?
-32
Let c(u) = -46*u**2 + 364*u - 14. What is c(8)?
-46
Let t(r) = -r**2 - 555*r + 19400. Give t(33).
-4
Let n(o) = 9*o**2 - 642*o + 11843. Calculate n(34).
419
Let w(i) = -471*i**3 + 1414*i**2 - 151*i + 447. Determine w(3).
3
Let a(m) = 1011*m - 318867. Calculate a(317).
1620
Let g(q) = -38*q**2 - 1140*q - 572. Give g(-29).
530
Let l(q) = -41835*q - 1171385. What is l(-28)?
-5
Let w(g) = -25932*g - 285401. Give w(-11).
-149
Let q(h) = h**3 + 270*h**2 - 3105*h - 3938. Give q(-281).
-4
Let j(o) = -o**2 + 142*o - 3750. Give j(112).
-390
Let v(p) = -3424*p - 188320. Determine v(-55).
0
Let s(m) = -1803*m - 39674. Determine s(-22).
-8
Let j(o) = 67*o**3 - 2813*o**2 - 43*o + 46. What is j(42)?
4
Let y(d) = d**3 - 14*d**2 - 2352*d + 14. Give y(-42).
14
Let t(c) = -319497*c + 3834009. Calculate t(12).
45
Let f(z) = -z**2 - 153*z - 3144. Give f(-29).
452
Let y(o) = 6251*o + 81012. Give y(-13).
-251
Let q(r) = 1349*r - 376365. Determine q(279).
6
Let x(w) = -29412*w + 411767. Calculate x(14).
-1
Let b(y) = -6497*y - 6804. Determine b(-1).
-307
Let l(x) = 268*x**2 - 861*x + 2. Give l(3).
-169
Let m(t) = -6*t**3 + 58*t**2 - 56*t + 359. Determine m(9).
179
Let l(w) = -w**3 - 2*w**2 + 3837*w + 22990. Determine l(-6).
112
Let x(m) = -7221*m + 72181. What is x(10)?
-29
Let d(t) = -4*t**2 + 1335*t + 15232. What is d(345)?
-293
Let s(g) = g**3 + 54*g**2 - 72*g - 519. What is s(-55)?
416
Let c(q) = -15*q**2 + 911*q - 8627. Determine c(49).
-3
Let u(p) = -38*p**2 + 567*p - 1156. Determine u(2).
-174
Let t(n) = 513*n - 9934. What is t(21)?
839
Let t(f) = 399*f - 13047. What is t(36)?
1317
Let m(d) = 6*d**3 - 49*d**2 - 64*d + 560. Calculate m(8).
-16
Let n(i) = 405*i + 30834. Calculate n(-76).
54
Let s(f) = f**3 + 31*f**2 + 4990*f + 33759. Determine s(-7).
5
Let k(d) = -2*d**3 + 269*d**2 + 1832*d + 306. Give k(141).
165
Let v(y) = -y**3 + 394*y**2 - 1945*y + 21. Give v(5).
21
Let o(u) = 626*u - 34283. Give o(60).
3277
Let s(f) = -17*f**2 + 15127*f - 338925. Determine s(23).
3
Let i(d) = -2*d**3 - 58*d**2 + 58*d - 51. Determine i(-30).
9
Let d(l) = 468*l - 29770. Give d(49).
-6838
Let p(d) = 211*d**3 + 85*d**2 - 170*d + 5. Give p(2).
1693
Let c(l) = l**2 - 1542*l - 69787. What is c(-44)?
-3
Let u(v) = -65428*v - 457994. Determine u(-7).
2
Let g(x) = 3881*x + 4494189. What is g(-1158)?
-9
Let k(g) = -g**2 + 1998*g + 635279. Give k(-279).
-4
Let a(t) = -2920*t - 5425370. What is a(-1858)?
-10
Let c(m) = 24*m**2 + 403*m - 28378. Calculate c(27).
-1
Let v(h) = h**3 - 111*h**2 + 612*h - 81084. Calculate v(112).
4
Let r(t) = t**2 + 1934*t + 125084